
214a746
What is -10010115 (base 6) in base 7?
-2251025
1126424 (base 7) to base 3
21012010212
What is 174b94 (base 13) in base 3?
1002120100010
Convert 120212010200 (base 3) to base 14.
81a59
What is -12022000210 (base 3) in base 4?
-121131030
3020211420 (base 5) to base 8
26763117
What is 33a268 (base 13) in base 6?
42105112
What is 5125635 (base 8) in base 14?
27396d
What is -132311010112 (base 4) in base 7?
-125456524
What is -22200011202 (base 3) in base 9?
-280152
Convert 218719c (base 13) to base 5.
10112102301
What is -100101020 (base 4) in base 14?
-1a3d6
Convert 2130212132 (base 5) to base 7.
53401352
Convert -184a79 (base 11) to base 4.
-1011201333
What is -127974 (base 10) in base 3?
-20111112210
Convert -44674 (base 11) to base 5.
-4032240
Convert 213330403 (base 5) to base 16.
e0063
134003340 (base 5) to base 12
29216a
What is 73362613 (base 8) in base 12?
527a54b
Convert -111330232 (base 4) to base 6.
-1532114
Convert 1004045 (base 6) to base 8.
134675
Convert -25546003 (base 7) to base 11.
-135237a
What is 220110222 (base 3) in base 2?
100010110110110
What is 1d70b2 (base 15) in base 2?
101011111111000001100
Convert 22b8a52 (base 13) to base 4.
220323203230
-342541 (base 9) to base 13
-72598
Convert -477775 (base 11) to base 10.
-756937
-101202103113 (base 4) to base 8
-21422327
-1668642 (base 11) to base 4
-22310222031
Convert -125740 (base 11) to base 13.
-6c0b6
Convert -1d50c (base 14) to base 6.
-1335332
What is -acc6c (base 14) in base 9?
-708441
-225ce (base 15) to base 2
-11010101100000111
Convert -15969 (base 15) to base 13.
-258c9
10025850 (base 9) to base 10
4800429
-31a3919 (base 11) to base 3
-101120220010112
What is 333452520 (base 6) in base 2?
10111000110101110000000
Convert 1141820 (base 9) to base 4.
2112322101
What is -480550 (base 9) in base 13?
-a17b1
Convert -37072134 (base 8) to base 11.
-4670a05
321075 (base 13) to base 11
731571
564daa (base 14) to base 6
142512014
-591919 (base 15) to base 6
-231132340
Convert -136587 (base 10) to base 8.
-412613
-9a89 (base 11) to base 5
-411121
4d1b2 (base 14) to base 5
22032223
What is 389229 (base 11) in base 7?
5130545
-8f695a (base 16) to base 2
-100011110110100101011010
Convert 201133221 (base 4) to base 13.
4a5a4
What is -161922 (base 10) in base 14?
-4301c
-4043131 (base 5) to base 7
-361501
What is 72213635 (base 8) in base 5?
12402312213
23425650 (base 7) to base 11
1197342
2415570 (base 8) to base 14
13357a
4334046 (base 9) to base 11
1349249
3651050 (base 8) to base 2
11110101001000101000
40052045 (base 6) to base 14
214857
Convert -32410102 (base 5) to base 4.
-1010003321
What is -5304514 (base 6) in base 3?
-111002110001
Convert -3378414 (base 10) to base 8.
-14706356
Convert 8354815 (base 9) to base 4.
101002012202
-61256 (base 7) to base 14
-55d6
Convert 1132313223 (base 5) to base 4.
21333212211
Convert 16395 (base 15) to base 11.
49953
Convert -2102110000120 (base 3) to base 5.
-312210113
What is 1033055 (base 9) in base 15?
ade5b
340317 (base 10) to base 16
5315d
What is -214140230 (base 5) in base 6?
-31514141
What is 48792a3 (base 11) in base 5?
4133130343
What is -13015057 (base 8) in base 10?
-2890287
What is 10110010010101101011 (base 2) in base 3?
1101010000122
What is -2032331 (base 4) in base 15?
-2a9e
Convert -dbac (base 14) to base 7.
-215505
45539 (base 11) to base 14
1a00a
What is -1637a68 (base 12) in base 10?
-4554800
104222213 (base 6) to base 2
111001100001011100001
7507048 (base 9) to base 13
aa9ca8
-b3580 (base 16) to base 9
-1338603
1481876 (base 9) to base 11
511293
31231032 (base 4) to base 13
1c728
Convert 12210330310 (base 4) to base 14.
32c500
Convert 116326403 (base 7) to base 13.
16a533a
What is -75eba (base 15) in base 11?
-236473
What is 104660143 (base 7) in base 14?
bb4593
What is -99033b (base 14) in base 16?
-4f24f1
What is -ac80b (base 14) in base 9?
-707265
Convert 22535301 (base 7) to base 6.
110201433
What is 15036583 (base 9) in base 15?
9c6b76
6532466 (base 8) to base 2
110101011010100110110
What is 309197 (base 10) in base 16?
4b7cd
Convert 20120122112 (base 3) to base 5.
13121011
Convert 22330444 (base 6) to base 5.
133234242
Convert 31737115 (base 8) to base 10.
6798925
What is -f1a3fc (base 16) in base 2?
-111100011010001111111100
-34c3 (base 15) to base 9
-16333
1221122220120 (base 3) to base 2
11111101000100011100
Convert -4d8d0 (base 14) to base 5.
-22103321
What is -55356346 (base 7) in base 2?
-10010001100101101000001
113261b (base 16) to base 10
18032155
-13343 (base 13) to base 11
-24918
What is 578b439 (base 12) in base 7?
263166351
What is 3b51cc (base 14) in base 6?
111535224
Convert -227a90 (base 12) to base 9.
-1032240
2332221132 (base 4) to base 14
164822
1857b00 (base 12) to base 16
4dba70
Convert -100111010110011111 (base 2) to base 5.
-20124213
-48a37 (base 12) to base 2
-10111111111001011
Convert 1204346 (base 9) to base 16.
9f5c4
10463434 (base 9) to base 11
2947506
Convert 316521 (base 8) to base 2.
11001110101010001
Convert -20121002210 (base 3) to base 6.
-2441033
What is 1332405 (base 6) in base 11?
50a35
What is -b229b5 (base 15) in base 3?
-120220222111022
212222210001 (base 3) to base 13
136c36
-513454 (base 6) to base 8
-120052
Convert -4edb40 (base 15) to base 4.
-32131330110
52507 (base 13) to base 9
245071
What is 105565665 (base 7) in base 5?
3123003133
59137 (base 10) to base 11
40481
What is 10baaaa (base 12) in base 16?
3154a2
What is -313514 (base 9) in base 8?
-553711
Convert 34536634 (base 7) to base 10.
3034840
Convert 401531251 (base 6) to base 12.
2343b27
What is 7536841 (base 10) in base 9?
15156537
Convert 6565621 (base 10) to base 4.
121002323311
What is 57932 (base 12) in base 13?
413c6
Convert -613a9 (base 14) to base 15.
-494d7
1945d2 (base 16) to base 10
1656274
Convert -100001101110000111101 (base 2) to base 4.
-10031300331
Convert 1001022020111 (base 3) to base 9.
1038214
Convert -210320343 (base 5) to base 10.
-870098
What is -11077a (base 11) in base 16?
-2b1f2
9b7a (base 14) to base 15
7ec5
3057488 (base 11) to base 4
110211310121
What is 1110102010201 (base 3) in base 10?
775756
-215dba (base 15) to base 3
-2222202011211
-284a68 (base 13) to base 8
-3575206
What is -110ddc4 (base 14) in base 7?
-125616634
-777710 (base 12) to base 8
-7177074
What is -157725 (base 9) in base 4?
-113310023
378102 (base 9) to base 7
1642415
Convert 15b6 (base 14) to base 16.
f2c
What is 101310330213 (base 4) in base 15?
624a49
What is -9b153 (base 14) in base 10?
-376197
234145034 (base 6) to base 3
22021112021211
4874 (base 9) to base 3
11222111
Convert -1441130342 (base 5) to base 3.
-21020112121220
What is ba80 (base 16) in base 10?
47744
-55210023 (base 6) to base 10
-1649823
What is -8cae9 (base 15) in base 9?
-752443
14a19 (base 16) to base 2
10100101000011001
Convert -a875 (base 12) to base 13.
-8579
1010000100001100110 (base 2) to base 16
50866
10011001111011011001 (base 2) to base 16
99ed9
Convert 1232434 (base 6) to base 13.
24484
Convert -110140123 (base 6) to base 11.
-112801a
What is 3630d5 (base 15) in base 10?
2592200
22c81a (base 13) to base 10
827447
-75539 (base 10) to base 11
-51832
What is 313023022 (base 4) in base 9?
374004
16772754 (base 8) to base 6
220120300
-1521220 (base 6) to base 10
-88428
What is 167b165 (base 13) in base 9?
14623711
What is 160860 (base 9) in base 2?
11000001100101101
-432033011 (base 5) to base 7
-21362250
What is 8820 (base 15) in base 14?
a714
What is 56208 (base 9) in base 11?
26074
Convert -101111101111000011000 (base 2) to base 15.
-20d6de
-46b82 (base 12) to base 14
-26894
Convert 11111010111000110 (base 2) to base 11.
88567
What is -1782935 (base 10) in base 9?
-3316648
Convert 132000211 (base 4) to base 2.
11110000000100101
4411322124 (base 5) to base 12
3211b00
What is -53568c (base 13) in base 15?
-289093
40442110 (base 5) to base 9
548560
What is 28814 (base 15) in base 5?
13130234
What is -713285 (base 10) in base 5?
-140311120
-5503471 (base 8) to base 9
-2700224
What is 525102 (base 9) in base 5?
34441340
Convert 2211332 (base 5) to base 2.
1001010111000110
-54436431 (base 7) to base 14
-896118
454134 (base 7) to base 10
80679
Convert 1983a23 (base 15) to base 7.
314313021
-100101110010001010100 (base 2) to bas